52. What is the remainder when 7 + 36/(-12) - -62 is divided by z?
15
Let z(o) = -7*o + 8. Let d be z(-13). Let w = 177 - d. What is the remainder when w is divided by 20?
18
Suppose -h + 3*f = -1 - 16, 5*f + 17 = -4*h. Let d be (1*-8 + 0)*5. Let r = 41 + d. What is the remainder when h is divided by r?
0
Suppose 0 = 4*w - 0 - 20. Suppose w*i = 10*i - 105. What is the remainder when 55 is divided by i?
13
Let i(a) = -a**3 - 8*a**2 + 16*a - 23. Let g be i(-11). What is the remainder when g/(-6)*-3*1/1 is divided by 14?
12
Suppose -3*y + 1 + 4 = 2*f, 0 = -5*f + 3*y + 44. What is the remainder when (1/6 + (-7)/(-21))*24 is divided by f?
5
Suppose -3*q = 2*y - 15, 10*y - 8*y = 4*q - 6. Calculate the remainder when 82 is divided by q.
1
Let p = 136 - 103. What is the remainder when p is divided by 5?
3
Let j(f) be the second derivative of 1/12*f**4 - 9/2*f**2 - 7*f - 1/6*f**3 + 0. What is the remainder when j(-4) is divided by 4?
3
Let x be 16 + -11 + -2*1/2. Suppose 4*j + 5*c = 7, j + x*c + 2 = 2*c. Calculate the remainder when 19 is divided by j.
3
Suppose -r = l - 0*l + 27, 2*r + 4*l + 50 = 0. Let h = r - -39. What is the remainder when 26 is divided by h?
6
Suppose 57*x - 60*x + 408 = 0. What is the remainder when x is divided by 36?
28
Suppose 45 = -4*a - 5*z, 4*a - 5*z - 5 = -0. Let h = a - -7. Suppose -5*d + 153 - 53 = -5*s, -3*d = -h*s - 57. What is the remainder when d is divided by 9?
8
Suppose -210 = -5*i - 2*w, -12*i = -16*i - 3*w + 175. What is the remainder when i is divided by 11?
7
Suppose -2*y + 34 = 12. Suppose -159 = t - 4*t. Calculate the remainder when t is divided by y.
9
Suppose 5*b - 2 = 23, -2*d + b = 1. What is the remainder when 69 is divided by d?
1
Let u be 62 + -2*4/8. Suppose -u - 10 = -4*q - b, -3*q + 48 = -b. Calculate the remainder when 1*(q - 6/(-3)) is divided by 5.
4
Let x = 177 + -161. Suppose 0 = 2*k + x - 52. What is the remainder when k is divided by 8?
2
Let h = -5 - -4. Calculate the remainder when 140/2 + (-95)/19 is divided by 11*(3 + h) + 0.
21
Suppose -108*i - 74 = -110*i. Calculate the remainder when 139 is divided by i.
28
Suppose o + 2*t + 104 = 2*o, 3*t + 109 = o. What is the remainder when o is divided by 20?
14
Calculate the remainder when 118 is divided by 238/(-85)*30/(-21).
2
Suppose 4*i + i - 4*f = 9, 2*i - 3*f - 5 = 0. Let o be 4*i/5*5. Suppose -o*t - 2*m = -m - 76, t - 12 = -2*m. What is the remainder when t is divided by 11?
9
Let y = 228 + -151. Let k be 1/2*(4 + 2). What is the remainder when y is divided by 18/k*(-20)/(-6)?
17
Let o(y) = 8*y + 49. Let q be o(-6). Calculate the remainder when 80 is divided by 42/3*q + 4.
8
Let l(y) = -2*y**3 - 77*y**2 + 35*y - 99. What is the remainder when 395 is divided by l(-39)?
53
Let p(i) = 4*i + 4. Let x = 11 + -4. Calculate the remainder when p(4) is divided by x.
6
Let b = -51 + 86. Suppose 5*v + 95 = 3*g, -2*v - b = -4*g + 73. Calculate the remainder when 248 is divided by g.
23
Let b = -136 + 152. Calculate the remainder when 127 is divided by b.
15
Suppose -5*c = -3*g - 91, 3*g + g + 8 = 0. Calculate the remainder when 51 is divided by c.
0
Suppose 27*b = -25*b + 3016. What is the remainder when 174 is divided by b?
0
Suppose 58*n - 48 = 57*n. What is the remainder when 287 is divided by n?
47
Let q = -213 - -357. Suppose 22*l - 16*l = q. Calculate the remainder when 46 is divided by l.
22
What is the remainder when (-1052787)/(-1131) + 2/13 is divided by 18?
13
Suppose 5*q - 11 = 59. Calculate the remainder when -4*(2/(-3) + (-134)/24) is divided by q.
11
Let o(n) = n**2 - 6*n + 7. Let t be o(5). Suppose 0*l - 5*l + 3*x = -95, -2*l + 3*x = -38. Let h = t + l. What is the remainder when h is divided by 11?
10
Calculate the remainder when 1533 is divided by (1232/(-11))/(-16) - (-53 + 1).
58
Let u = 1 - 29. Let t = u - -100. Calculate the remainder when t is divided by 25.
22
Suppose 3*j = 4*j - 5. Let r(q) = q**3 - 20*q**2 - 18*q - 31. What is the remainder when r(21) is divided by j?
2
Let x = 64 - 11. Let m(u) = -u**3 - u + 35. Let r be m(0). Suppose -3*d - 2*p + 58 = 0, -3*d + 29 = 5*p - r. Calculate the remainder when x is divided by d.
17
What is the remainder when 33 is divided by (-14)/49 + (-184)/(-7)?
7
Let d = -176 + 246. Let u(g) = -g**2 - 14*g + 20. Let l be u(-15). Suppose -i - 72 = -l*i. What is the remainder when d is divided by i?
16
Suppose -v + 33 = -53. Let p = 24 + -55. Let a = p - -53. What is the remainder when v is divided by a?
20
Suppose 3*q + 13 = 5*u, -36 = 2*q + 2*q - 2*u. Let c = q - -21. Calculate the remainder when 48 is divided by c.
8
Let f = 27 - 30. Let i = f - -21. Let z = 45 - i. What is the remainder when z is divided by 7?
6
Suppose 4*n - 16 = 16. Suppose 10 = t - n. What is the remainder when 125 is divided by t?
17
Let h(w) = -w**2. Let v(y) = -8*y**2 - 10*y + 18. Let c(m) = -10*h(m) + v(m). Calculate the remainder when c(4) is divided by (1 + 1)/((-1)/(-2)).
2
Suppose -4*k - 2*l + 45 - 17 = 0, -4*k + 5*l = 0. Suppose 6*j = 4*j + k*s + 44, 3*j - 16 = -5*s. What is the remainder when (-2)/8 - (-186)/8 is divided by j?
11
Let p = 579 - 545. Calculate the remainder when p is divided by 19.
15
Let s(k) = 9*k**3 + 8*k - 13. Calculate the remainder when s(2) is divided by 59.
16
Calculate the remainder when -6*(-1*10 + -1 + 2) is divided by 29.
25
Suppose 68 = b + 3*r, -4*r + 2 = -2. What is the remainder when b is divided by 11?
10
Let o = 84 + -134. Let m be 294/10 - (-20)/o. Let j = m + -14. What is the remainder when j is divided by 6?
3
Suppose -t = -2*t + 4. Let i be (50/4 + -1)/((-2)/(-20)). Suppose 0 = 5*w - 5*u - 65, -5*u + i = w + t*w. What is the remainder when w is divided by 5?
3
What is the remainder when 146 is divided by (-2)/(-6) - (-690)/9?
69
Suppose 323 = -5*i + 2*n - 217, 0 = 5*i - 5*n + 555. Let u = i - -112. What is the remainder when 8 is divided by u?
2
Let z(h) = h**3 - 33*h**2 + 11*h - 53. Calculate the remainder when z(33) is divided by 24.
22
Let f = 83 - 159. Let v = -59 - f. Suppose 0 = -5*o + 161 - 16. What is the remainder when o is divided by v?
12
Suppose 4*t = -2*l - 10, -l + 1 = 2*l + 2*t. Suppose -l*h + 58 = 3*k - 41, -157 = -5*k - 3*h. What is the remainder when 57 is divided by k?
28
Let n(a) = -2*a**3 - 8*a**2 - 17. Let z(m) = 5*m**3 + 23*m**2 + 51. Let k(x) = -11*n(x) - 4*z(x). What is the remainder when k(4) is divided by 16?
15
Let d(h) = h**3 + 26*h**2 + 47*h - 6. Calculate the remainder when d(-24) is divided by 7/1 - 0/(-1).
4
What is the remainder when 91 is divided by 32/(-36)*135/(-6)?
11
Let y(d) = 165*d**2 - d + 2. Suppose 2*h = o + 86, -6*o + 78 = 2*h - 3*o. Calculate the remainder when y(1) is divided by h.
40
Suppose 8*b - 3*b = 15. Suppose -3*h + 57 = -0*h - b*o, -58 = -2*h - 2*o. What is the remainder when 45 + -2 + (-4)/(-1) is divided by h?
23
Suppose -9*o = 4*o - 11011. Calculate the remainder when o is divided by 17.
14
Suppose -8*n = -6*n - 176. Suppose -11*j = -9*j - n. What is the remainder when j is divided by 17?
10
Let s be ((-91)/28 - (-3)/(-4))*-4. Suppose -s*p = -14*p - 22. What is the remainder when 20 is divided by p?
9
Let a = 220 - 192. Calculate the remainder when 110 is divided by a.
26
Suppose -5*f + 29 = -6. Let y = -38 - -40. Suppose -2*z + 75 = z - y*v, -5*z - 4*v + 125 = 0. Calculate the remainder when z is divided by f.
4
Suppose -2*v + 0 = -10. Suppose -v*h + 18 = 8. What is the remainder when h is divided by 1?
0
Let f = 319 - 137. Let p = f - 57. What is the remainder when p is divided by 63?
62
Suppose -4*u - u + 325 = 0. What is the remainder when 1/(2*5/310) is divided by (-4)/14 - u/(-7)?
4
Calculate the remainder when 0 + 19 - (4 + -2) is divided by (27/(-6))/(7/(-84)*6).
8
Let q(i) = 2*i + 53. Let u be q(-16). What is the remainder when 26 is divided by 1*15 + (16 - u)?
6
What is the remainder when 9 is divided by (27/45)/(9/105)?
2
Suppose -3*p + 6*a - 25 = -4*p, -3*a - 127 = -4*p. Calculate the remainder when 370/3 + 4/(-12) is divided by p.
30
Let q(c) = c**2 - 8*c - 7. What is the remainder when q(-7) is divided by 25?
23
Let o = 53 + -92. What is the remainder when 3 is divided by -6*(o/63 + (-6)/(-21))?
1
Let h = -2204 + 2220. Calculate the remainder when 335 is divided by h.
15
Suppose -4*b - 96 = -272. Let